{"id":611,"date":"2021-06-01T22:53:01","date_gmt":"2021-06-01T20:53:01","guid":{"rendered":"https:\/\/www.ars-manuum.at\/shop\/?post_type=product&#038;p=611"},"modified":"2021-06-09T12:19:11","modified_gmt":"2021-06-09T10:19:11","slug":"morinda-citrifolia-90-kapseln","status":"publish","type":"product","link":"https:\/\/www.ars-manuum.at\/shop\/produkt\/morinda-citrifolia-90-kapseln\/","title":{"rendered":"Morinda citrifolia 90 Kapseln"},"content":{"rendered":"<h4><strong>Morinda citrifolia &#8211; Noni<br \/>\n<\/strong><\/h4>\n<p>Der Nonibaum (Morinda citrifolia) wird im Englischen auch als \u201eIndian mulberry\u201c, also \u201eIndischer Maulbeerbaum\u201c bezeichnet. Diese Namensgebung ist vermutlich auf die Fr\u00fcchte der beiden Pflanzen zur\u00fcckzuf\u00fchren, die sich in der Form, nicht jedoch in der Gr\u00f6\u00dfe \u00e4hneln. Beide Pflanzen geh\u00f6ren jedoch unterschiedlichen Gattungen an.<\/p>\n<p>Der Nonibaum w\u00e4chst als immergr\u00fcner, kleinerer Baum oder Strauch etwa 5\u201310 Meter hoch. Die Noni ist die fleischige, eiergro\u00dfe Frucht des Morindastrauchs. Im Reifen Zustand ist diese gr\u00fcnlich-gelblich bis -wei\u00dflich, eif\u00f6rmig bis l\u00e4nglich.<\/p>\n<h4><strong>Verbreitungsgebiet von Morinda citrifolia<br \/>\n<\/strong><\/h4>\n<p>Urspr\u00fcnglich wohl aus Australien stammend, verbreitete sich Morinda citrifolia sowohl \u00fcber den Indischen Ozean als auch in die polynesische Inselwelt. Polynesische Seeleute brachten sie vor \u00fcber 2000 Jahren nach Hawaii, wo sie unter dem Namen \u201eNoni\u201c bekannt wurde. Heute findet man die Pflanze auch in vielen K\u00fcstenregionen Mittelamerikas und Westindiens sowie auf Madagaskar.<\/p>\n<p>Im s\u00fcdpazifischen und s\u00fcdostasiatischen Raum wird MORINDA citrifolia seit mehr als 2.000 Jahren gesch\u00e4tzt und sogar als \u201e<strong>K\u00f6nigin der Pflanzen<\/strong>\u201c verehrt. In der traditionellen japanischen, koreanischen und chinesischen Medizin wird Morinda citrifolia als ein Kraut mit biologischen Eigenschaften betrachtet. Es gibt jedoch bislang keine best\u00e4tigten Beweise f\u00fcr die klinische Wirksamkeit, weshalb wir hier keine weiteren Aussagen machen d\u00fcrfen.<\/p>\n<h4><strong>Anwendungsgebiete<\/strong><\/h4>\n<p>Aus Erfahrungsberichten von Anwendern und Therapeuten werden eine Vielzahl an Einsatzm\u00f6glichkeiten genannten. Aus unserer Sich ist die\u00a0<strong>Unterst\u00fctzung von Schlaf und Entspannung<\/strong>\u00a0die gr\u00f6\u00dfte St\u00e4rke der Noni-Frucht.<\/p>\n<p>Weitere Informationen dazu finden Sie\u00a0<a href=\"https:\/\/supernahrung.com\/noni\/\" target=\"_blank\" rel=\"noopener noreferrer\">hier<\/a>.<\/p>\n<h4><strong>Zutaten<\/strong><\/h4>\n<p>MORINDA Citrifolia Fruchtextrakt 4:1<\/p>\n<p>Inhalt pro Tagesdosis = 3 Kaps.<\/p>\n<p>900 mg Noni Fruchtextrakt<\/p>\n","protected":false},"excerpt":{"rendered":"<h4><strong>Anwendungsgebiete<\/strong><\/h4>\n<p>Aus Erfahrungsberichten von Anwendern und Therapeuten werden eine Vielzahl an Einsatzm\u00f6glichkeiten genannten. Aus unserer Sich ist die\u00a0<strong>Unterst\u00fctzung von Schlaf und Entspannung<\/strong>\u00a0die gr\u00f6\u00dfte St\u00e4rke der Noni-Frucht.<\/p>\n","protected":false},"featured_media":632,"comment_status":"open","ping_status":"closed","template":"","meta":[],"product_cat":[70],"product_tag":[],"_links":{"self":[{"href":"https:\/\/www.ars-manuum.at\/shop\/wp-json\/wp\/v2\/product\/611"}],"collection":[{"href":"https:\/\/www.ars-manuum.at\/shop\/wp-json\/wp\/v2\/product"}],"about":[{"href":"https:\/\/www.ars-manuum.at\/shop\/wp-json\/wp\/v2\/types\/product"}],"replies":[{"embeddable":true,"href":"https:\/\/www.ars-manuum.at\/shop\/wp-json\/wp\/v2\/comments?post=611"}],"wp:featuredmedia":[{"embeddable":true,"href":"https:\/\/www.ars-manuum.at\/shop\/wp-json\/wp\/v2\/media\/632"}],"wp:attachment":[{"href":"https:\/\/www.ars-manuum.at\/shop\/wp-json\/wp\/v2\/media?parent=611"}],"wp:term":[{"taxonomy":"product_cat","embeddable":true,"href":"https:\/\/www.ars-manuum.at\/shop\/wp-json\/wp\/v2\/product_cat?post=611"},{"taxonomy":"product_tag","embeddable":true,"href":"https:\/\/www.ars-manuum.at\/shop\/wp-json\/wp\/v2\/product_tag?post=611"}],"curies":[{"name":"wp","href":"https:\/\/api.w.org\/{rel}","templated":true}]}}