{"id":383,"date":"2020-01-30T23:10:20","date_gmt":"2020-01-30T22:10:20","guid":{"rendered":"https:\/\/www.ars-manuum.at\/shop\/?post_type=product&#038;p=383"},"modified":"2023-10-13T10:27:50","modified_gmt":"2023-10-13T08:27:50","slug":"venobis-madre-selva-vital-lifting-mask","status":"publish","type":"product","link":"https:\/\/www.ars-manuum.at\/shop\/produkt\/venobis-madre-selva-vital-lifting-mask\/","title":{"rendered":"Venobis Madre Selva Vital Lifting Mask"},"content":{"rendered":"<h3>Hauttypen:<\/h3>\n<p>F\u00fcr jeden Hauttyp.<\/p>\n<p>Diese Maske wird angenehm warm beim Auftragen. Sie erfrischt und pflegt die Haut, wirkt regenerierend und l\u00e4sst Ihren Teint strahlen. Die Feuchtigkeitsbalance der Haut wird ausgeglichen und speziell bei einem m\u00fcden Teint wird ein Lifting Effekt erzielt. Au\u00dferdem wirkt die Maske leicht adstringierend, wodurch unreine Haut ebenm\u00e4\u00dfiger wird.<\/p>\n<h3>Vital Lifting-Tip:<\/h3>\n<ul>\n<li>Gesicht mit Venobis Madre Selva Care Lotion reinigen.<\/li>\n<li>Venobis Madre Selva Vital Lifting Mask auf Gesicht, Hals und Dekollete auftragen, dabei die Augenpartie auslassen, und ca. 15 Minuten einziehen lassen.<\/li>\n<li>Die Maske leicht einmassieren und danach mit lauwarmen Wasser abwaschen.<\/li>\n<li>Die Haut mit Venobis Madre Selva Tonic kl\u00e4ren und beruhigen.<\/li>\n<li>Abschlie\u00dfend verw\u00f6hnen Sie Ihre Haut mit der auf Sie abgestimmten Gesichtspflege.<\/li>\n<\/ul>\n<h3>Inhaltsstoffe:<\/h3>\n<p>Mineralmehle wie Zeolith und vulkanisches Gesteinsmehl, Kamille, Lavendel, Myrrhe, Patchouli, Sandelholz, Johanniskraut, Ylang Ylang, Rosenholz und Salbei.<\/p>\n","protected":false},"excerpt":{"rendered":"<p>Hauttypen: F\u00fcr jeden Hauttyp. Diese Maske wird angenehm warm beim [&hellip;]<\/p>\n","protected":false},"featured_media":557,"comment_status":"open","ping_status":"closed","template":"","meta":[],"product_cat":[49,72,46],"product_tag":[],"_links":{"self":[{"href":"https:\/\/www.ars-manuum.at\/shop\/wp-json\/wp\/v2\/product\/383"}],"collection":[{"href":"https:\/\/www.ars-manuum.at\/shop\/wp-json\/wp\/v2\/product"}],"about":[{"href":"https:\/\/www.ars-manuum.at\/shop\/wp-json\/wp\/v2\/types\/product"}],"replies":[{"embeddable":true,"href":"https:\/\/www.ars-manuum.at\/shop\/wp-json\/wp\/v2\/comments?post=383"}],"wp:featuredmedia":[{"embeddable":true,"href":"https:\/\/www.ars-manuum.at\/shop\/wp-json\/wp\/v2\/media\/557"}],"wp:attachment":[{"href":"https:\/\/www.ars-manuum.at\/shop\/wp-json\/wp\/v2\/media?parent=383"}],"wp:term":[{"taxonomy":"product_cat","embeddable":true,"href":"https:\/\/www.ars-manuum.at\/shop\/wp-json\/wp\/v2\/product_cat?post=383"},{"taxonomy":"product_tag","embeddable":true,"href":"https:\/\/www.ars-manuum.at\/shop\/wp-json\/wp\/v2\/product_tag?post=383"}],"curies":[{"name":"wp","href":"https:\/\/api.w.org\/{rel}","templated":true}]}}