{"id":377,"date":"2020-01-30T23:03:19","date_gmt":"2020-01-30T22:03:19","guid":{"rendered":"https:\/\/www.ars-manuum.at\/shop\/?post_type=product&#038;p=377"},"modified":"2023-10-25T11:24:24","modified_gmt":"2023-10-25T09:24:24","slug":"venobis-madre-selva-harmony","status":"publish","type":"product","link":"https:\/\/www.ars-manuum.at\/shop\/produkt\/venobis-madre-selva-harmony\/","title":{"rendered":"Venobis Madre Selva Harmony"},"content":{"rendered":"<h3>Hauttypen:<\/h3>\n<p>F\u00fcr Mischhaut.<\/p>\n<p>Die Creme wirkt sowohl bei trockener als auch bei fettiger Haut ausgleichend und anregend zugleich. Durch die auf Mischhaut abgestimmten Inhaltsstoffe hat die Creme einen harmonisierenden, mattierenden und adstringierenden Effekt.<\/p>\n<p>Bereits beim Auftragen von Madre Selva Harmony wird ein ausgewogenes Wohlgef\u00fchl durch die samtweiche Konsistenz und den beruhigenden und sehr angenehmen Geruch vermittelt.<\/p>\n<h3>Make-up-Tip:<\/h3>\n<p>Wir empfehlen Venobis Madre Selva Harmony aufgrund ihrer ausgleichenden und mattierenden Wirkung als ideale Make-up Grundlage.<\/p>\n<h3>Inhaltsstoffe:<\/h3>\n<p>Wei\u00dfer Salbei (salvia blanca), Jojaba\u00f6l, Aloe Vera, Gro\u00dfe Klette (arctium lappa), Sonnenblumen\u00f6l und Litsea Cubeba \u00d6l.<\/p>\n<h3>Salbei:<\/h3>\n<p>Wie die meisten Salbeiarten hat auch der Wei\u00dfe Salbei gute hautreinigende, desinfizierende Eigenschaften.<\/p>\n<h3>Litsea Cubeba \u00d6:<\/h3>\n<p>Der Duft dieses \u00e4therischen \u00d6ls wirkt konzentrationsf\u00f6rdernd, antiseptisch, luftreinigend und gibt frische neue Energie.<\/p>\n<h3>Grosse Klette:<\/h3>\n<p>Wirkt entgiftend und lindernd bei Hautleiden wie Flechten, Abszessen, Hautunreinheiten und Ekzemen.<\/p>\n","protected":false},"excerpt":{"rendered":"<p>Hauttypen: F\u00fcr Mischhaut. Die Creme wirkt sowohl bei trockener als [&hellip;]<\/p>\n","protected":false},"featured_media":559,"comment_status":"open","ping_status":"closed","template":"","meta":[],"product_cat":[49,72,46],"product_tag":[],"_links":{"self":[{"href":"https:\/\/www.ars-manuum.at\/shop\/wp-json\/wp\/v2\/product\/377"}],"collection":[{"href":"https:\/\/www.ars-manuum.at\/shop\/wp-json\/wp\/v2\/product"}],"about":[{"href":"https:\/\/www.ars-manuum.at\/shop\/wp-json\/wp\/v2\/types\/product"}],"replies":[{"embeddable":true,"href":"https:\/\/www.ars-manuum.at\/shop\/wp-json\/wp\/v2\/comments?post=377"}],"wp:featuredmedia":[{"embeddable":true,"href":"https:\/\/www.ars-manuum.at\/shop\/wp-json\/wp\/v2\/media\/559"}],"wp:attachment":[{"href":"https:\/\/www.ars-manuum.at\/shop\/wp-json\/wp\/v2\/media?parent=377"}],"wp:term":[{"taxonomy":"product_cat","embeddable":true,"href":"https:\/\/www.ars-manuum.at\/shop\/wp-json\/wp\/v2\/product_cat?post=377"},{"taxonomy":"product_tag","embeddable":true,"href":"https:\/\/www.ars-manuum.at\/shop\/wp-json\/wp\/v2\/product_tag?post=377"}],"curies":[{"name":"wp","href":"https:\/\/api.w.org\/{rel}","templated":true}]}}