{"id":337,"date":"2020-01-30T22:08:35","date_gmt":"2020-01-30T21:08:35","guid":{"rendered":"https:\/\/www.ars-manuum.at\/shop\/?post_type=product&#038;p=337"},"modified":"2024-01-03T13:45:07","modified_gmt":"2024-01-03T12:45:07","slug":"venobis-energetikcreme-sensitive-intense","status":"publish","type":"product","link":"https:\/\/www.ars-manuum.at\/shop\/produkt\/venobis-energetikcreme-sensitive-intense\/","title":{"rendered":"Venobis Energetikcreme Sensitive Intense"},"content":{"rendered":"<h3>Hauttypen:<\/h3>\n<p>F\u00fcr trockene Haut und sensible Haut.<\/p>\n<p>Durch die speziell ausgew\u00e4hlten, hochwirksamen Inhaltsstoffe und den Verzicht auf allergene Substanzen kann bei regelm\u00e4\u00dfiger Anwendung, speziell bei empfindlicher, irritierter und allergischer Haut, eine hervorragende regenerierende und beruhigende Wirkung beobachtet werden.<\/p>\n<h3>Night-Care-Tip:<\/h3>\n<p>Da die Creme die Regenerationsprozesse der Haut unterst\u00fctzt, ist die Energetikcreme Sensitive Intense besonders gut als Nachtpflege geeignet.<\/p>\n<h3>Inhaltsstoffe:<\/h3>\n<p>Ringelblume, Ringelblumen\u00f6l, Schachtelhalm, Efeu und Eisenkraut.<\/p>\n<h3>Ringelblume<\/h3>\n<p>Sie wirkt entz\u00fcndungshemmend und f\u00f6rdert die Bildung von Granulationsgewebe und damit die Wundheilung. \u00c4u\u00dferliche Anwendung findet sie bei Hautentz\u00fcndungen, schlecht heilenden Wunden, bei Quetschungen, Furunkeln und Ausschl\u00e4gen sowie bei Verbrennungen zur raschen Schmerzlinderung und Beschleunigung einer fast narbenlosen Heilung. Durch das Fehlen von Sesquiterpenlactonen sind irritative oder allergische Reaktionen im Vergleich zu anderen Vertretern der Korbbl\u00fctler selten.<\/p>\n<h3>Schachtelhalm<\/h3>\n<p>Die unfruchtbaren Sommerwedel des Schachtelhalms werden bei Rheuma, Entz\u00fcndungen, Nierenleiden, Harngrie\u00df eingesetzt. Nach Kneipp haben Schachtelhalme eine sehr adstringierende Kraft; sie reinigen Blut, Magen, Nieren und Blase, wirken aber auch \u00e4u\u00dferlich reinigend und heilend bei Ausschlag und Wunden.<\/p>\n","protected":false},"excerpt":{"rendered":"<p>Hauttypen: F\u00fcr trockene Haut und sensible Haut. Durch die speziell [&hellip;]<\/p>\n","protected":false},"featured_media":566,"comment_status":"open","ping_status":"closed","template":"","meta":[],"product_cat":[49,46,71],"product_tag":[],"_links":{"self":[{"href":"https:\/\/www.ars-manuum.at\/shop\/wp-json\/wp\/v2\/product\/337"}],"collection":[{"href":"https:\/\/www.ars-manuum.at\/shop\/wp-json\/wp\/v2\/product"}],"about":[{"href":"https:\/\/www.ars-manuum.at\/shop\/wp-json\/wp\/v2\/types\/product"}],"replies":[{"embeddable":true,"href":"https:\/\/www.ars-manuum.at\/shop\/wp-json\/wp\/v2\/comments?post=337"}],"wp:featuredmedia":[{"embeddable":true,"href":"https:\/\/www.ars-manuum.at\/shop\/wp-json\/wp\/v2\/media\/566"}],"wp:attachment":[{"href":"https:\/\/www.ars-manuum.at\/shop\/wp-json\/wp\/v2\/media?parent=337"}],"wp:term":[{"taxonomy":"product_cat","embeddable":true,"href":"https:\/\/www.ars-manuum.at\/shop\/wp-json\/wp\/v2\/product_cat?post=337"},{"taxonomy":"product_tag","embeddable":true,"href":"https:\/\/www.ars-manuum.at\/shop\/wp-json\/wp\/v2\/product_tag?post=337"}],"curies":[{"name":"wp","href":"https:\/\/api.w.org\/{rel}","templated":true}]}}