{"id":189,"date":"2019-11-07T00:00:27","date_gmt":"2019-11-06T23:00:27","guid":{"rendered":"https:\/\/www.ars-manuum.at\/shop\/?post_type=product&#038;p=189"},"modified":"2020-01-30T10:39:44","modified_gmt":"2020-01-30T09:39:44","slug":"5-raucharme-moxazigarren-ohne-loch","status":"publish","type":"product","link":"https:\/\/www.ars-manuum.at\/shop\/produkt\/5-raucharme-moxazigarren-ohne-loch\/","title":{"rendered":"Moxazigarren dick, raucharm, ohne Loch, 5Stk"},"content":{"rendered":"<p>Raucharme Moxazigarren mit Loch, 5 St\u00fcck pro Packung<\/p>\n<p>Sehr gute Moxazigarren mit ausgezeichnetem, raucharmem Moxa. Geeignet f\u00fcr<br \/>\nHausbesuche.<br \/>\nDurch das Loch in der Mitte dieser Moxazigarre dauert das Anz\u00fcnden nicht so lange und ist auch nur mit einem Feuerzeug m\u00f6glich. Gut<br \/>\ngeeignet auch zur Verwendung in einem Moxakasten.<\/p>\n<p>Inhalt: gepresste Beifu\u00dfkohle<\/p>\n<p>Bez\u00fcglich der Moxabehandlung verweisen wir auf die Fachliteratur. Moxa<br \/>\nw\u00e4hrend der Behandlung nie unbeaufsichtigt brennen lassen. Auf das individuelle<br \/>\nSchmerzempfinden der zu behandelnden Person achten. Glut oder hei\u00dfe Asche nicht<br \/>\nauf die Haut kommen lassen. R\u00e4ume nach der Behandlung gut l\u00fcften. Wir verweisen<br \/>\nSie diesbez\u00fcglich auf die Fachliteratur und auf die gesetzlichen Bestimmungen!<\/p>\n<p><strong>Warnhinweis f\u00fcr Anwender von Moxa:<\/strong><\/p>\n<p>Schlafen Sie w\u00e4hrend der Anwendung nicht ein. Nehmen Sie w\u00e4hrend der<br \/>\nBehandlung keine Schlafmittel, Bet\u00e4ubungsmittel und keinen Alkohol ein. W\u00e4hrend<br \/>\nder Behandlung nicht bewegen. Achten Sie auf die Brandgefahr durch die Moxa-<br \/>\nAsche. Moxa nach der Anwendung gut abl\u00f6schen. Anwendung im Gesicht nur unter<br \/>\nHinzuziehung eines Therapeuten.<\/p>\n<h3>Von Kindern fernhalten.<\/h3>\n<p>Nur zur \u00e4u\u00dferlichen Anwendung. F\u00fcr Moxabehandlung schwerwiegenderer<br \/>\nErkrankungen ist ein erfahrener Therapeut erforderlich.<\/p>\n","protected":false},"excerpt":{"rendered":"<p>Moxazigarren dick, raucharm, ohne Loch, 5Stk<\/p>\n","protected":false},"featured_media":190,"comment_status":"open","ping_status":"closed","template":"","meta":[],"product_cat":[48],"product_tag":[],"_links":{"self":[{"href":"https:\/\/www.ars-manuum.at\/shop\/wp-json\/wp\/v2\/product\/189"}],"collection":[{"href":"https:\/\/www.ars-manuum.at\/shop\/wp-json\/wp\/v2\/product"}],"about":[{"href":"https:\/\/www.ars-manuum.at\/shop\/wp-json\/wp\/v2\/types\/product"}],"replies":[{"embeddable":true,"href":"https:\/\/www.ars-manuum.at\/shop\/wp-json\/wp\/v2\/comments?post=189"}],"wp:featuredmedia":[{"embeddable":true,"href":"https:\/\/www.ars-manuum.at\/shop\/wp-json\/wp\/v2\/media\/190"}],"wp:attachment":[{"href":"https:\/\/www.ars-manuum.at\/shop\/wp-json\/wp\/v2\/media?parent=189"}],"wp:term":[{"taxonomy":"product_cat","embeddable":true,"href":"https:\/\/www.ars-manuum.at\/shop\/wp-json\/wp\/v2\/product_cat?post=189"},{"taxonomy":"product_tag","embeddable":true,"href":"https:\/\/www.ars-manuum.at\/shop\/wp-json\/wp\/v2\/product_tag?post=189"}],"curies":[{"name":"wp","href":"https:\/\/api.w.org\/{rel}","templated":true}]}}