{"id":128,"date":"2019-11-06T21:58:18","date_gmt":"2019-11-06T20:58:18","guid":{"rendered":"https:\/\/www.ars-manuum.at\/shop\/?post_type=product&#038;p=128"},"modified":"2023-11-08T12:46:24","modified_gmt":"2023-11-08T11:46:24","slug":"venobis-power-energetics-basic","status":"publish","type":"product","link":"https:\/\/www.ars-manuum.at\/shop\/produkt\/venobis-power-energetics-basic\/","title":{"rendered":"Venobis Power Energetics Basic"},"content":{"rendered":"<h3>Hauttypen:<\/h3>\n<p>F\u00fcr jeden Hauttyp.<\/p>\n<p>Die f\u00fcr Venobis Energetikcremen neu entwickelte Emulsion ist in Zusammen-<br \/>\nsetzung und Struktur der nat\u00fcrlichen Haut nachempfunden. Der neutrale ph\u2013Wert wirkt sich besonders bei \u00fcberstrapazierter und problematischer Haut positiv aus.<\/p>\n<h3>Babypflege-Tip:<\/h3>\n<p>Wertvolle Wirkstoffe und der neutrale ph-Wert machen diese Creme auch zu einer hervorragenden Pflege f\u00fcr zarte und sensible Babyhaut.<\/p>\n<h3>Inhaltsstoffe<\/h3>\n<p>Aloe Vera, Jojoba \u00d6l, Melisse, Lemongrass\u00f6l.<\/p>\n<h3>Aloe Vera<\/h3>\n<p>Einer der Hauptwirkstoffe ist das Acemannan, ein langkettiges Polysaccharid. Diese Substanz sch\u00fctzt die Zell-membranen und ist antibakteriell, antiviral und antimykotisch wirksam. Aloe Vera Gel wirkt intensiv feuchtigkeitsspendend und beruhigend.<\/p>\n<h3>Jojoba\u00f6l<\/h3>\n<p>Jojoba\u00f6l ist eigentlich kein \u00d6l, sondern ein hochwertiges Pflanzenwachs und wird schon lange f\u00fcr kosmetische Zwecke verwendet. Es enth\u00e4lt Provitamin A und Vitamin E, pflegt durch seine g\u00fcnstige Fetts\u00e4urenzusammensetzung die Haut intensiv und ist f\u00fcr alle Hauttypen geeignet. Es sch\u00fctzt vor Austrocknung, ohne einen Film auf der Haut zu hinterlassen, es ist leicht entz\u00fcndungshemmend und beruhigend.<\/p>\n","protected":false},"excerpt":{"rendered":"<p>Gesicht und K\u00f6rperpflege f\u00fcr jeden Hauttyp<\/p>\n","protected":false},"featured_media":569,"comment_status":"open","ping_status":"closed","template":"","meta":[],"product_cat":[49,46,71],"product_tag":[],"_links":{"self":[{"href":"https:\/\/www.ars-manuum.at\/shop\/wp-json\/wp\/v2\/product\/128"}],"collection":[{"href":"https:\/\/www.ars-manuum.at\/shop\/wp-json\/wp\/v2\/product"}],"about":[{"href":"https:\/\/www.ars-manuum.at\/shop\/wp-json\/wp\/v2\/types\/product"}],"replies":[{"embeddable":true,"href":"https:\/\/www.ars-manuum.at\/shop\/wp-json\/wp\/v2\/comments?post=128"}],"wp:featuredmedia":[{"embeddable":true,"href":"https:\/\/www.ars-manuum.at\/shop\/wp-json\/wp\/v2\/media\/569"}],"wp:attachment":[{"href":"https:\/\/www.ars-manuum.at\/shop\/wp-json\/wp\/v2\/media?parent=128"}],"wp:term":[{"taxonomy":"product_cat","embeddable":true,"href":"https:\/\/www.ars-manuum.at\/shop\/wp-json\/wp\/v2\/product_cat?post=128"},{"taxonomy":"product_tag","embeddable":true,"href":"https:\/\/www.ars-manuum.at\/shop\/wp-json\/wp\/v2\/product_tag?post=128"}],"curies":[{"name":"wp","href":"https:\/\/api.w.org\/{rel}","templated":true}]}}