{"id":124,"date":"2019-11-06T21:32:30","date_gmt":"2019-11-06T20:32:30","guid":{"rendered":"https:\/\/www.ars-manuum.at\/shop\/?post_type=product&#038;p=124"},"modified":"2021-04-13T16:45:11","modified_gmt":"2021-04-13T14:45:11","slug":"venobis-sun-oil-200ml","status":"publish","type":"product","link":"https:\/\/www.ars-manuum.at\/shop\/produkt\/venobis-sun-oil-200ml\/","title":{"rendered":"Venobis Sun Oil 200ml"},"content":{"rendered":"<p>Das Venobis Sun Oil enth\u00e4lt, u.a durch das Jojoba\u00f6l, einen nat\u00fcrlichen<br \/>\nSonnenschutz, der dem Lichtschutzfaktor von 5-7 entspricht.<\/p>\n<p>Aufgrund der speziellen Zusammensetzung von Venobis Sun Oil aktiviert die<br \/>\nHaut die nat\u00fcrlichen Schutzmechanismen gegen Sonnenbestrahlung und eine<br \/>\nlanganhaltende nat\u00fcrliche Br\u00e4une wird unterst\u00fctzt.<\/p>\n<p>Optimal ist dieses \u00d6l auch als After Sun Pflege einsetzbar.<\/p>\n","protected":false},"excerpt":{"rendered":"<p>K\u00f6rperpflege f\u00fcr jeden Hauttyp<\/p>\n","protected":false},"featured_media":571,"comment_status":"open","ping_status":"closed","template":"","meta":[],"product_cat":[50,46],"product_tag":[],"_links":{"self":[{"href":"https:\/\/www.ars-manuum.at\/shop\/wp-json\/wp\/v2\/product\/124"}],"collection":[{"href":"https:\/\/www.ars-manuum.at\/shop\/wp-json\/wp\/v2\/product"}],"about":[{"href":"https:\/\/www.ars-manuum.at\/shop\/wp-json\/wp\/v2\/types\/product"}],"replies":[{"embeddable":true,"href":"https:\/\/www.ars-manuum.at\/shop\/wp-json\/wp\/v2\/comments?post=124"}],"wp:featuredmedia":[{"embeddable":true,"href":"https:\/\/www.ars-manuum.at\/shop\/wp-json\/wp\/v2\/media\/571"}],"wp:attachment":[{"href":"https:\/\/www.ars-manuum.at\/shop\/wp-json\/wp\/v2\/media?parent=124"}],"wp:term":[{"taxonomy":"product_cat","embeddable":true,"href":"https:\/\/www.ars-manuum.at\/shop\/wp-json\/wp\/v2\/product_cat?post=124"},{"taxonomy":"product_tag","embeddable":true,"href":"https:\/\/www.ars-manuum.at\/shop\/wp-json\/wp\/v2\/product_tag?post=124"}],"curies":[{"name":"wp","href":"https:\/\/api.w.org\/{rel}","templated":true}]}}